
Let y be (5/((-10)/(-6)))/(15/(-50)). Let i(s) = 52*s + 47. Let n be i(y). Let q = -247 - n. What is the tens digit of q?
2
Let z be (8/(-5))/((-2)/5). Let h = -1019 + 1021. Suppose 4*m = z*y + 316, h*m + 35 = -y + 205. What is the units digit of m?
3
Let c(y) = 2208*y - 8424. What is the tens digit of c(36)?
6
Let i = 2688 - 1900. Suppose i = -16*n + 18*n. What is the units digit of n?
4
Suppose 5*r - r = 3*n + 12, r = -n + 10. Suppose 20 = r*s - 448. Suppose s - 30 = b. What is the tens digit of b?
4
Let b = -13759 + 23254. What is the tens digit of b?
9
Let d be (-5)/(-25) - 120/(-25). Suppose -d*w + 7773 = -3*p, -12*p - 4643 = -3*w - 5*p. What is the thousands digit of w?
1
Let s = -590 + 100. Let f = s - -1009. What is the tens digit of f?
1
Suppose k - 958 - 1110 = 0. Let q = k + -1140. What is the tens digit of q?
2
Suppose 0 = 12*n - 22 - 2. Suppose -3 = 3*q, -n*d + 326 = -d - 5*q. Let z = 487 - d. What is the tens digit of z?
6
Let p(w) = -718*w**2 - 9*w. Let c be p(-8). What is the units digit of 1 - ((-6)/(-14) + c/70)?
6
Let s(d) = 2*d**3 - 4*d**2 - 7*d - 5. Let h be s(-6). Let n = 1315 + h. What is the hundreds digit of n?
7
Let n(k) = -k**2 + k - 1. Let w(m) be the second derivative of m**4/4 + 7*m**3/6 + 7*m**2/2 + 43*m. Let t(v) = -4*n(v) + w(v). What is the units digit of t(-5)?
1
Suppose 4*o - 128 = 19*j - 20*j, 0 = -o - j + 32. What is the hundreds digit of (-8)/o - 17385/(-20)?
8
Let w be 3*22/54 + 8/(-36). What is the tens digit of (-3)/(3/(-20)) - w/(-1)?
2
Suppose -7*x + 4*x = -2*l - 15024, 4*l = 2*x - 10024. Suppose 12*v + 6258 = 17*v + 3*q, 2*q - x = -4*v. What is the thousands digit of v?
1
Let r be 3*6/14 - 4/14. Let f be 1 - (-3 + (0 - r)). Suppose -2*n + 3*q = -2*q - 80, n + f*q = 10. What is the tens digit of n?
3
Let w(r) = -r**3 + 28*r**2 + 162*r - 14. What is the thousands digit of w(26)?
5
Let g(p) = p**2 + 17*p + 63. Let m be g(-5). Suppose 1294 = m*j - b, -31*b + 28*b - 3 = 0. What is the tens digit of j?
3
Let w = -380 - -384. Suppose 4*d - 3348 = -w*b, 5*d + 4*b = 3*b + 4193. What is the hundreds digit of d?
8
Suppose 671*x - 677*x + 2808 = 0. Let q = -240 + x. What is the tens digit of q?
2
Suppose -5*o + 11 = -z, 4*z + 3*o - 6*o - 7 = 0. Suppose 0 = l + z - 52. Let w = 92 - l. What is the units digit of w?
4
Let a(k) = 2*k**2 + 22*k + 30. Let d(p) = -7*p**2 - 66*p - 91. Let t(n) = -13*a(n) - 4*d(n). What is the tens digit of t(-17)?
2
Let j(b) = -2*b + 23. Let c be j(18). Let u = c + 16. Suppose u*z - 54 = 279. What is the units digit of z?
1
Suppose 2*o = -2*v - 2, o - 4*v + 9*v + 21 = 0. Suppose -h + 273 + 431 = 3*p, 3*h + o*p = 2127. What is the hundreds digit of h?
7
Let u = -6328 - -7667. What is the hundreds digit of u?
3
Let t be (14*-4)/(0 - (-8)/16). Let m(j) = 39*j - 4. Let n be m(4). Let k = n + t. What is the units digit of k?
0
Suppose -4*l + 5*w + 201 = -42, -320 = -5*l + 3*w. Let u = 126 + l. What is the units digit of u?
3
Suppose -2*x = -4*u - 16, 3*x = -0 - 12. Let w(g) = g**2 + 4*g - 9. Let r be w(u). Suppose 3*h = r*b + 231, 5*h + 2*b - 401 = 3*b. What is the units digit of h?
1
Suppose 0 = -15*f + 649554 + 312261. What is the hundreds digit of f?
1
Let p(x) = -x**2 + 11*x - 25. Let a be p(6). Let l = a - 1. Suppose -14*s = -l*s - 1370. What is the units digit of s?
7
Suppose 0 = -2*k - 53*z + 52*z + 4304, -4*k = 5*z - 8620. What is the units digit of k?
0
Let s = -3159 - -6786. Suppose 3*g = 5*j + 2170, -2*j = -2*g + 7*g - s. What is the units digit of g?
5
Let k(s) = -s**2 + 5*s + 28. Let z be k(8). Suppose u - 5*u + 386 = p, -z*p - 3*u + 1531 = 0. What is the units digit of p?
2
Suppose 16*a = 3*a + 73229. What is the tens digit of a?
3
Let z = 25 - -428. Let u = z - 201. Suppose 2*h = 2*s + u, 5*s = -7*h + 2*h + 640. What is the units digit of h?
7
Let h be 2929/(-7) + ((-20)/35 - 0). Let z = h - -586. What is the units digit of z?
7
Suppose -40 = 16*r - 56. What is the thousands digit of 1121*-3*(16/(-12) + r)?
1
Suppose 40*q = 991009 - 132849. What is the units digit of q?
4
Suppose 4*n = 3 + 17. Suppose -2*q = -w - 535, -2*q + 539 = n*w - 2*w. What is the tens digit of q?
6
Suppose 2*u + 3*u = 3*u. Suppose 2*j - a = 3*a + 4, -3*j + a + 21 = u. What is the units digit of j/(-10)*(-3745)/14?
4
Let g(h) be the first derivative of -66*h - 25/2*h**2 + 18 - 1/4*h**4 + 29/3*h**3. What is the units digit of g(28)?
8
Let j(p) = 95*p**2 + 129*p - 819. What is the hundreds digit of j(6)?
3
Let b(y) = -2*y**2 + 9*y + 44. Let a(o) = -9*o**2 + 35*o + 175. Let p(c) = -6*a(c) + 26*b(c). What is the units digit of p(-23)?
0
Suppose 863*o - 854*o - 27 = 0. Suppose 2*b - 3236 = -5*w, -w - 3436 - 1435 = -o*b. What is the units digit of b?
3
Suppose 0 = -2*o + v, v + 10 = o - 2*v. Let u(j) = -18*j - 2. Let z be u(o). Let n = 51 + z. What is the units digit of n?
5
Suppose -27*h + 44*h = 238. What is the tens digit of (h/4 - 4)/(2/(-3460))?
6
Suppose 18*h - 17*h + 2 = -4*w, 0 = 2*h + 3*w + 14. Let q(u) be the third derivative of -3*u**4/8 + 26*u**3/3 + 4*u**2. What is the units digit of q(h)?
2
Let h(x) = x**2 + 5*x + 131. Let d be h(-28). Let i = d - 189. What is the tens digit of i?
8
Let t(v) be the third derivative of v**5/15 - 47*v**4/24 - 5*v**3 + 175*v**2. What is the units digit of t(-10)?
0
Let q(o) = 4153*o + 1096. What is the hundreds digit of q(8)?
3
Suppose 6*o - r = 10*o - 153949, 3*o + 5*r = 115466. What is the thousands digit of o?
8
Suppose -32*w + 9526 = -10*w. Suppose 3 = 4*g - w. What is the units digit of g?
9
Suppose 0*n = 2*n - 0*n. Let a(z) = 2*z**2 - 3*z + 4. Let m be a(n). What is the tens digit of 124 + (0 + m - 2)?
2
Suppose -4*t + 237 = -5*l, 2*t - 5*t = 4*l - 201. Let s = t - 43. Suppose -4*v = -4*c + s, v - 2 = 5*c - 11. What is the units digit of c?
1
What is the hundreds digit of (132/(-9) + -6)*-906?
7
Suppose -2*k + 22 = 6. Suppose 0 = 3*o - 172 - k. What is the tens digit of (o/(-16))/(-5) + (-939)/(-12)?
7
Suppose 63*s + 72 = 61*s. Let i = 63 + -19. Let o = i + s. What is the units digit of o?
8
Let b be (40/(-12))/((-10)/12). Let t be 3 - (b + -4) - -3. What is the units digit of (-4 - t)/((-1)/4)?
0
Suppose -91 = -8*w - 1275. What is the tens digit of (w/(-12) + -3)*18/4?
4
Suppose 18*d + 6020 = 23*d. Let n = d + 705. What is the units digit of n?
9
Let k(i) = 2*i**3 - 10*i**2 + 3*i**2 - i**3 + 6 + 8*i + 3*i. Let f be k(6). Suppose 4*r - f + 1 = 3*o, o = -1. What is the units digit of r?
8
Suppose -4*k = 2*o - 3*k + 242, o = -4*k - 107. Let t = -118 - o. Suppose -447 = -t*b + 298. What is the units digit of b?
9
Let m(v) = 95*v + 228. Let r be m(18). Suppose 9*f - 28*f = -r. What is the tens digit of f?
0
Let g = 116391 + -58443. What is the tens digit of g?
4
What is the hundreds digit of 180/450 - (-8143)/5?
6
Suppose -w - 24841 = -3*c, 15*w - 10*w = 2*c - 16565. What is the tens digit of 3/(-15) + (c/25 - 2)?
2
Let v be (-4)/(-80)*-2 + 19947/(-30). Let w = -573 - v. What is the tens digit of w?
9
Suppose a + 145*z - 147*z = 27790, 3*a - 3*z = 83385. What is the units digit of a?
0
Suppose 0 = 4*i + q - 861 - 27677, i - q = 7127. What is the units digit of i?
3
Let r be 3 + (1432/24 - (-4)/(-6)). Let w = r - 65. What is the units digit of (-3723)/68*4/w?
3
Let p = 47 - 32. What is the hundreds digit of (((-1760)/p - -5) + 0)*-3?
3
Let w(p) = 219*p - 175*p + 40 - 118. What is the tens digit of w(10)?
6
Let c(b) = -77*b + 1. Let f(x) = 233*x - 5. Let t(k) = -8*c(k) - 3*f(k). What is the units digit of t(-5)?
2
Suppose -11*p = -8*p - 28335 - 36753. What is the hundreds digit of p?
6
Let i(x) = -130*x + 567. What is the thousands digit of i(-23)?
3
Suppose 180*z - 1012452 = 112*z. What is the tens digit of z?
8
Suppose -4*j + 5*p = -1673, 5*j + 10*p - 2098 = 14*p. What is the tens digit of j - -7 - 0/(-2 - -4)?
2
Let h = -1173 + 3295. Suppose -6*i = -326 - h. What is the tens digit of i?
0
Let o be 12/42 - (-12)/63*-96. What is the tens digit of -7*(5 - 7)/((-4)/o)?
6
Suppose 0 = 24*w - 19*w - 40. What is the tens digit of ((-3)/6)/(w/(-3200))?
0
Let g(d) = -30*d - 95. Let k be g(-7). Suppose 445 = 116*i - k*i. What is the hundreds digit of i?
4
Let n(v) = v**2 + 2*v + 15. Let d be n(-8). Let z = 68 - d. Suppose -z*a + 417 = -178. What is the tens digit of 